
Let p(g) = 261*g + 6081. Determine p(-22).
339
Let l(g) = -5*g**3 + 5*g**2 - 25*g + 27. What is l(2)?
-43
Let z(k) = -38*k**2 + 16271*k - 2875. Give z(428).
121
Let d(t) = t**2 + 897*t + 201166. Give d(-450).
16
Let y(f) = 3164*f + 50617. Give y(-16).
-7
Let u(b) = -20*b**3 + 72*b**2 - 11*b + 75. Determine u(5).
-680
Let o(p) = -7*p**3 - 5284*p**2 + 11354*p - 756. What is o(-757)?
1
Let a(x) = 13933*x + 83534. Determine a(-6).
-64
Let p(b) = 3858*b + 1296360. What is p(-336)?
72
Let j(h) = -13*h**3 + 115*h**2 + 13*h + 49. What is j(9)?
4
Let g(x) = 88004*x + 703995. What is g(-8)?
-37
Let a(h) = -h**3 - 96*h**2 - 266*h + 986. Calculate a(-93).
-223
Let m(u) = 9*u**3 - 6*u**2 + 9139*u + 45700. Give m(-5).
-1270
Let v(b) = -b**3 + 104*b**2 - 671*b - 266. Determine v(97).
510
Let r(t) = -t**2 - 28*t + 16700. What is r(116)?
-4
Let r(s) = 29878*s + 59759. What is r(-2)?
3
Let m(y) = 35*y + 5838. Calculate m(-166).
28
Let f(i) = 2508*i + 15000. Calculate f(-6).
-48
Let u(b) = -205794*b + 1028959. Give u(5).
-11
Let n(i) = -38*i**2 - 468*i + 317. What is n(-13)?
-21
Let y(t) = t**3 - 12*t**2 + 70*t - 3190. Determine y(18).
14
Let v(y) = -137*y**3 + 1370*y**2 - 24*y + 252. Determine v(10).
12
Let s(p) = -1447*p - 1540. Give s(-1).
-93
Let r(v) = 138913*v + 694297. Give r(-5).
-268
Let i(t) = -43*t**2 + 1592*t - 272. Calculate i(37).
-235
Let o(y) = 2*y**3 - 125*y**2 + 1174*y + 28. Determine o(51).
79
Let a(u) = -9508*u - 522942. What is a(-55)?
-2
Let t(z) = -z**3 - 5*z**2 + 182*z + 365. Determine t(-14).
-419
Let a(i) = 440*i**2 - 3036*i + 4160. Calculate a(5).
-20
Let m(l) = 5*l**2 - 2447*l - 2448. Give m(-1).
4
Let t(x) = -3*x**3 - 25*x - 129. Determine t(7).
-1333
Let t(q) = -q**2 + 144*q + 3488. Determine t(168).
-544
Let a(s) = -3*s**3 - 4*s**2 - 12*s + 551. Give a(0).
551
Let l(u) = 4*u**2 + 2870*u + 39382. Determine l(-14).
-14
Let y(g) = -g**3 + 477*g**2 + 9401*g + 11354. Calculate y(496).
-54
Let h(u) = u**3 + 10*u**2 + u + 307. Give h(-13).
-213
Let x(s) = 9446*s + 85023. What is x(-9)?
9
Let o(i) = -11*i**2 + 1561*i - 3089. Calculate o(2).
-11
Let r(x) = -x**2 + 113214*x - 792407. Give r(7).
42
Let i(q) = 2*q**3 - 2*q**2 + 64*q + 20. Give i(6).
764
Let j(d) = -6*d**3 - 167*d**2 + 252*d + 1393. Determine j(-29).
-28
Let q(h) = -h**3 + 25*h**2 - 62*h - 44. Give q(23).
-412
Let h(b) = 5*b**2 - 22*b - 2311. Calculate h(-21).
356
Let m(k) = k**2 + 287*k + 5810. Determine m(-265).
-20
Let a(g) = -1480*g - 6080. Give a(-4).
-160
Let j(z) = 1783*z + 153225. Determine j(-86).
-113
Let s(p) = -188899*p - 188853. Give s(-1).
46
Let c(j) = -17103*j + 598576. Give c(35).
-29
Let a(t) = -68457*t + 547579. What is a(8)?
-77
Let m(s) = 3*s**2 - 14538*s + 101729. Give m(7).
110
Let l(u) = -1427*u - 25948. Calculate l(-18).
-262
Let h(x) = 13*x**2 + 19*x - 748. Give h(-24).
6284
Let g(v) = -140182*v - 1962551. Give g(-14).
-3
Let f(m) = 4477711*m + 4477732. What is f(-1)?
21
Let y(r) = 168564*r + 5056914. Determine y(-30).
-6
Let l(b) = -4*b**3 + 33*b**2 + 47*b - 24. What is l(9)?
156
Let d(j) = 157*j**2 - 517*j - 35. Give d(3).
-173
Let m(f) = f**3 - 154*f**2 + 136*f - 45097. Determine m(155).
8
Let q(y) = 1313*y + 46553. Give q(-36).
-715
Let j(s) = 9*s**2 - 28*s + 15. Give j(5).
100
Let c(l) = l**3 + 32*l**2 + 198*l - 746. Give c(-15).
109
Let x(a) = -2*a**3 + 174*a**2 + 1122*a + 45. Determine x(-6).
9
Let y(x) = 3168*x + 798343. Determine y(-252).
7
Let l(o) = o**2 - 277*o - 186325. Give l(591).
-751
Let s(l) = -3*l**3 + 468*l**2 + 21423*l - 18. Give s(193).
-18
Let y(b) = 2*b**3 - 127*b**2 - 123*b + 1161. Determine y(64).
-2615
Let f(z) = -5238*z - 83850. Give f(-16).
-42
Let o(k) = -1404*k + 26641. Determine o(19).
-35
Let r(u) = u**3 - 140*u**2 + 396*u + 2000. Give r(137).
-55
Let h(y) = -15522*y - 1334897. Give h(-86).
-5
Let w(c) = 3*c**2 + 794*c - 9090. What is w(11)?
7
Let y(t) = 4*t**3 - 9*t**2 - 238*t - 74. Calculate y(9).
-29
Let a(d) = -23905*d + 741051. Give a(31).
-4
Let l(d) = 2*d**3 - 71*d**2 + 13*d + 437. Give l(35).
-333
Let r(g) = 76796*g - 1612715. Calculate r(21).
1
Let k(x) = 49009*x - 293569. What is k(6)?
485
Let z(w) = w**2 - 5997*w - 2054654. What is z(-325)?
-4
Let n(b) = b**3 + 54*b**2 - 120*b - 6447. Give n(-54).
33
Let a(d) = -58*d**2 - 378*d + 445. Give a(-12).
-3371
Let s(u) = 3*u**3 + 16*u**2 - 189*u + 432. Determine s(3).
90
Let i(p) = p**3 + 543*p**2 - 7270*p - 23319. Give i(-556).
33
Let d(a) = a**3 + 20*a**2 + 832*a + 7331. Give d(-10).
11
Let n(l) = -5*l**2 + 182*l - 351. What is n(35)?
-106
Let i(v) = 4*v**3 - 126*v**2 + 545*v + 152. Give i(27).
1745
Let r(c) = -c**3 + 1848*c**2 - 7860*c + 892501. Determine r(1844).
5
Let n(l) = 3*l**2 - 64*l - 160. Calculate n(22).
-116
Let g(c) = 4*c**3 + 588*c**2 - 141*c - 20712. Determine g(-147).
15
Let m(i) = -i**3 + 87*i**2 - 1164*i - 429. Determine m(17).
13
Let p(y) = -49*y**3 - 3406*y**2 + 1679*y - 72. Calculate p(-70).
-2
Let r(z) = 28*z + 363. What is r(23)?
1007
Let q(k) = -k**3 - 35*k**2 + 746*k - 43. Give q(14).
797
Let w(y) = -15473*y - 61439. What is w(-4)?
453
Let r(x) = 4962*x**2 + 233207*x - 333. Give r(-47).
-4
Let k(y) = -59*y**2 + 419*y + 1015. Determine k(9).
7
Let d(x) = x**3 - 29*x**2 + 141*x + 59. Determine d(7).
-32
Let i(h) = -4*h**2 + 4799*h + 53287. Calculate i(-11).
14
Let q(y) = -6*y**2 - 657*y - 542. Give q(-108).
430
Let o(c) = 2*c**2 + 501*c + 18724. Calculate o(-205).
69
Let l(f) = -f**3 + 193*f**2 - 71*f + 13515. Determine l(193).
-188
Let o(s) = -22070*s + 110018. Determine o(5).
-332
Let l(u) = -1299*u + 37814. Determine l(29).
143
Let p(s) = 5118*s - 158464. Determine p(31).
194
Let h(b) = 17*b**3 - 4327*b**2 - 28715*b + 1305. Give h(261).
0
Let w(p) = -p**3 + 13*p**2 + 95*p - 66. Give w(-6).
48
Let g(d) = -218*d**2 - 668*d - 470. Calculate g(-2).
-6
Let u(p) = -2*p**2 - 3092*p + 107450. Determine u(34).
10
Let u(d) = -d**3 + 259*d**2 + 301*d - 10691. Determine u(260).
-31
Let w(t) = 7*t**3 - 4*t**2 + 1258*t + 1264. Determine w(-1).
-5
Let f(r) = -r**2 - 77*r + 68. Calculate f(-112).
-3852
Let i(z) = 3*z**2 - 42859*z + 9. What is i(0)?
9
Let i(y) = -3*y**3 + 441*y**2 - 1443*y + 212146. Give i(147).
25
Let r(a) = -12*a**2 - 141*a - 1155. Give r(-18).
-2505
Let k(s) = 5030*s - 99900. Determine k(20).
700
Let c(i) = -7*i**2 - 2734*i + 43522. What is c(16)?
-2014
Let i(m) = 15288*m + 1437182. Give i(-94).
110
Let o(h) = 899*h**2 - 465*h + 928. What is o(2)?
3594
Let q(b) = 2*b**3 - 16*b**2 + 3431*b - 34726. Give q(10).
-16
Let h(n) = 375*n + 10903. What is h(-29)?
28
Let w(l) = -9010*l - 9019. Give w(-1).
-9
Let t(d) = -41997*d + 335965. Determine t(8).
-11
Let m(k) = -k**2 + 1515*k - 26933. Give m(18).
13
Let a(y) = -y**2 + 401*y - 39601. Calculate a(178).
93
Let i(x) = -x**2 + 2144*x - 56940. What is i(27)?
219
Let m(v) = 2*v**2 - 1482*v + 4402. Give m(3).
-26
Let x(r) = -4288*r - 145780. What is x(-34)?
12
Let w(s) = -460*s - 21730. Calculate w(-49).
810
Let n(v) = 3*v**3 + 33*v**2 - 42*v - 293. Determine n(-8).
619
Let q(h) = 15*h**2 + 435*h + 863. Determine q(-2).
53
Let y(x) = x**3 - 69*x**2 + 239*x + 1510. Calculate y(65).
145
Let i(o) = 209*o + 15789. Determine i(-79).
-722
Let g(s) = s**3 + 24*s**2 + 429*s + 4262. Determine g(-12).
842
Let q(u) = -u**3 - 739*u**2 + 18183*u + 3099. Determine q(24).
3
Let p(j) = -779*j + 57282. Give p(72).
1194
Let b(a) = 66*a**2 - 477*a + 745. Give b(5).
10
Let v(d) = -2*d**3 + 26*d**2 - 84*d + 18. Give v(5).
-2
Let r(y) = -y**2 + 41*y - 268. Calculate r(22).
150
Let g(b) = 21018*b + 1155970. What is g(-55)?
-20
Let d(o) = -8*o**2 + 922*o - 2091. Determine d(113).
-57
Let q(l) = l**3 - 148*l**2 + 11*l + 2. Give q(0).
2
Let p(z) = -6383*z - 140416. What is p(-22)?
10
Let q(d) = -8617*d - 72309. Give q(-8).
-3373
Let w(k) = k**2 + 156*k + 38. What is w(-7)?
-1005
Let x(j) = -j**3 - 85*j**2 - 1100*j + 491. Determine x(-69).
215
Let r(l) = 40*l**2 + 2764*l + 222. Calculate r(-69).
-54
Let h(r) = 27*r**2 - 253*r - 1265. Give h(13).
9
Let a(y) = -y**3 + 27*y**2 + 175*y - 3312. Determine a(29).
81
Let g(a) = 6*a**3 + 9*a**2 - 34*a - 69. Give g(-9).
-3408
Let w(k) = 307601*k - 3691216. Give w(12).
-4
Let r(p) = 2*p**3 - 249*p**2 + 10*p - 16882. Give r(125).
-7
Let r(x) = x**3 - 53*x**2 + 324*x - 117. Deter